f m and 2277?
23
Let t(p) = -66*p - 127. Let f be t(-10). What is the greatest common factor of 117 and f?
13
Let r = 7 - -13. Suppose -w = 3, 27 + 9 = 2*j - 4*w. Suppose 4*f = 3*a + 634, -j*f + 798 = -7*f - a. Calculate the highest common divisor of f and r.
20
Let x be (20 + 2)*(-45)/(-5). Suppose -2*k = -2*j + k + 164, -5*k = 0. Let p = -64 + j. Calculate the greatest common factor of x and p.
18
Suppose 0 = -8*q - 129 - 7. Let v(y) = 7*y + 50. Let o be v(q). Let s = o + 87. What is the highest common factor of 54 and s?
18
Let c = -92 + 141. Let a(w) = 7*w - 28. Let k be a(6). Suppose 4*h = 2*h + k. Calculate the highest common factor of h and c.
7
Suppose -6*n = 4*n - 20. Let j(m) = 5*m - 22. Let p be j(5). Calculate the greatest common factor of p and n.
1
Suppose -u - c = -16, 4*u - 4*c - 78 = -6. Calculate the highest common factor of 459 and u.
17
Let y = 171 - 163. Let k be (-4)/3*((-376)/16 - y). Calculate the greatest common divisor of k and 12.
6
Let d be 62/1*1/(-2). Let m(u) = -3*u**2 - 19*u - 75. Let i be m(-6). Let r = d - i. What is the greatest common factor of r and 95?
19
Let c = 13606 - 13011. What is the greatest common factor of 42 and c?
7
Let t be -2 + 3 + -5 + 8. Suppose -3*x - v = 6 - 33, -t*v = 5*x - 52. What is the greatest common factor of x and 72?
8
Suppose -3*p = -w - 48, 2*p - 5*w = 18 + 1. Suppose 3*m + 105 - p = k, -8 = -4*m. Calculate the greatest common divisor of 6 and k.
2
Suppose -6219 = -12*f + 105. Calculate the greatest common factor of f and 93.
31
Suppose 3*o + 2*o = -3*t + 267, -4*o = 5*t - 211. Let f = 184 + -58. Calculate the greatest common divisor of o and f.
18
Suppose -r = -2*r + 32. Let s be (42/(-8))/((-12)/r). Let c(x) = x**2 - 3*x + 16. Let j be c(-13). Calculate the greatest common factor of s and j.
14
Suppose 35292 = 92*f + 81*f. Let t be 0/((-6)/(-2)) + 17. What is the highest common divisor of f and t?
17
Let z = 1851 - 1797. What is the greatest common divisor of 576 and z?
18
Suppose -i + 4*h + 48 = 0, -2*i + i - 3*h + 41 = 0. Let k be -2*11/(-6)*9. Calculate the greatest common factor of k and i.
11
Suppose 0 = 5*t - 109 + 9. Suppose 3*v - 3*c - 27 = -c, 5*v + 4*c = 23. Suppose t = 3*i + i, 0 = q + i - v. Calculate the greatest common factor of 22 and q.
2
Let c = -28781 - -28819. What is the highest common factor of c and 26144?
38
Let l(c) = 49*c**3 - 4*c**2 + 3. Let d be l(-1). Let a = 72 + d. Let t = 31 - 9. What is the highest common factor of t and a?
22
Let d(l) = -l**3 + 6*l**2 - 4*l - 2. Let r be d(6). Let f be (r/8)/((-5)/20). Let k = -10174 - -10213. What is the greatest common factor of f and k?
13
Suppose -1367 = -2*d + 8293. Calculate the highest common divisor of d and 630.
210
Let m be (12/(-10))/((-2)/5). Suppose 35 = 2*f + m*f. Let g = 8931 - 8896. Calculate the greatest common divisor of f and g.
7
Let j = 59661 + -59627. Let c be -1275*3/(27/(-6)). Calculate the highest common divisor of j and c.
34
Let y(k) = 8 + 883*k + 17 - 908*k. Let c be y(-7). Calculate the highest common divisor of c and 20.
20
Suppose 33*x - 71*x = 152*x - 8360. What is the greatest common factor of 24904 and x?
44
Let b(j) = -116*j - 671. Let w be b(-6). What is the highest common divisor of 950 and w?
25
Let d be ((-3)/((-3)/(-5 - 328)))/((-42)/28). What is the highest common factor of 2146 and d?
74
Let b(z) = z**2 + 99*z + 1214. Let o be b(-14). Calculate the greatest common divisor of 237 and o.
3
Suppose -3*f = -6, 1103 - 3591 = -5*k - 4*f. Suppose -490*w + k*w - 1680 = 0. Calculate the greatest common factor of w and 56.
56
Let u(a) = 0*a**3 - 16*a - 19*a**3 + 31*a**2 + 17*a**3 + 55. Let s be u(15). Calculate the greatest common factor of s and 20.
20
Let d be 62 - 63 - (-73 + 1). Suppose 4*b = d + 13. Let s(o) = o**3 + 8*o**2 + 5*o. Let i be s(-6). What is the highest common factor of i and b?
21
Let b(l) = 25*l - 11*l - 193 - 13*l - 8*l. Let u be b(-34). Let a = 805 - 490. Calculate the greatest common factor of u and a.
45
Let g(d) = d**3 - d**2 - 6*d. Let t be g(5). Suppose -3*c + 376 = t. Calculate the highest common factor of c and 68.
34
Let s(n) = -18*n**2 + 963*n - 309. Let t be s(53). Calculate the highest common divisor of t and 4074.
42
Let j be 33 + 0/(4 + -1). Let t be (-1)/(460/(-90) - -5). Calculate the highest common divisor of t and j.
3
Let s be 38/95 + 184/(-10). Let o(r) = 3*r + 60. Let z be o(s). Suppose -36 = -z*h + 264. Calculate the greatest common divisor of 10 and h.
10
Let p(g) = 55*g + 35. Suppose 19*m = 9*m + 40. Let s be p(m). What is the highest common factor of 102 and s?
51
Suppose 0 = -4*y + 12, 5*i + 4*y - 1867 = 5*y. Calculate the highest common factor of 578 and i.
34
Let n = -1448 - -1468. Let c = 20 - 16. Let a = c + 16. What is the highest common factor of n and a?
20
Let w = -91 - -247. Let q = -121 + w. What is the greatest common factor of 105 and q?
35
Let r = 47 + -32. Suppose 0 = 26*j - 52 - 0. Suppose 3*w - 4*i - 164 = 0, j*i = 5*w - 7*w + 128. What is the highest common factor of w and r?
15
Suppose 5*b + 4*u - 297 = -77, 132 = 3*b - 5*u. Suppose -11*w - b = -77. Calculate the highest common divisor of 24 and w.
3
Suppose -5*z + 2 = -8. Suppose -s = s - z. Let r be s/(-3) - (-115)/3. What is the greatest common divisor of r and 95?
19
Suppose -x = -2*s - 0*x + 228, 3*s - 345 = 3*x. Let k be s + 35/14*-2. Calculate the highest common divisor of k and 8.
4
Suppose 0 = 6*q - 9330 + 8364. What is the greatest common factor of q and 4991?
161
Suppose 7142 = 72*u + 39*u - 17833. What is the highest common divisor of 468 and u?
9
Let j be (9*(-2)/4)/(60/(-1760)). Let w = 171 - j. What is the highest common factor of 104 and w?
13
Suppose 15658 = 3*s - 5*p, -p + 5538 + 31010 = 7*s. What is the highest common divisor of 1135 and s?
227
Let r = -281083 + 281105. Let b(m) = 551*m - 2. Let u be b(2). What is the highest common divisor of u and r?
22
Let j be 393/(-5) - (-9)/15. Let v = 6 - j. What is the highest common factor of 108 and v?
12
Let t(h) = -62*h + 3653. Let w be t(58). What is the greatest common divisor of 133 and w?
19
Let v be (195/(-9))/(-5)*(-2 + 5). What is the greatest common factor of 416 and v?
13
Suppose -10*n - 38 + 8 = 0. Let j be (-36)/((n/40)/((-3)/(-6))). What is the highest common divisor of j and 36?
12
Suppose 4*s = -2*l + 128, -5*l - 26 = -3*s - 320. What is the greatest common factor of l and 1380?
60
Let z(l) = -2*l**3 + 86*l**2 - 78*l - 44. Let n be z(42). What is the greatest common factor of n and 611?
13
Let m = -92 - -88. Let x = m + 3. Let u be (-3653)/(-91) + (16/(-14) - x). Calculate the greatest common divisor of 40 and u.
40
Let a be 213 + (-6)/(-4)*-2. Suppose a = -11*f + 562. What is the highest common divisor of f and 8?
8
Let k(v) = v + 51. Let q(s) = -4*s - 203. Let o(u) = 9*k(u) + 2*q(u). Let f be o(-22). What is the highest common divisor of f and 217?
31
Let k(l) = -44*l**2 + 25*l + 4. Let c(z) = -z**2 + 3*z. Let i(y) = 5*c(y) - k(y). Let b be i(2). What is the highest common factor of 60 and b?
12
Let b(c) = 30*c**2 + 3*c. Let g be b(2). Let u be -1 + -8 + (-5 - -9) + 23. What is the greatest common factor of u and g?
18
Suppose 3*h = -3*z + 90, 3*z + 3*h - 2*h = 82. Suppose 5*f + 299 - 3939 = 0. Suppose -6*k = k - f. What is the greatest common divisor of z and k?
26
Let y = 7 + 89. Let z = 27983 - 27855. What is the greatest common factor of z and y?
32
Let t be (-2)/(675/(-96) - -7). What is the greatest common divisor of t and 2624?
64
Suppose -8*c - 168 + 894 = 3*c. What is the highest common divisor of c and 3300?
66
Let d = -664 - -1168. Let b = d + -479. What is the greatest common factor of 80 and b?
5
Suppose -a + 2*f = 7*f + 10, 3*a + 5*f = 0. Suppose 0 = -a*d + 32 + 3. Suppose -910 = 3*s - 29*s. Calculate the greatest common factor of d and s.
7
Suppose v - 409 = -5*d, 5*v = 4*d - 0*d + 1929. Suppose 2*j - v = f, j + 12*f - 9*f = 177. Calculate the greatest common factor of 128 and j.
64
Suppose k - b = 442, -5*k - 5*b - 422 = -6*k. Let u = 457 - k. Calculate the greatest common factor of 225 and u.
5
Let r = -4377 + 4387. What is the greatest common divisor of 125 and r?
5
Suppose -3073 - 497 = 239*r - 269*r. Calculate the greatest common divisor of 2176 and r.
17
Suppos